 -5*b(l) - 6*x(l). Let q = -9 + 3. Let z(y) = -y**3 - 5*y**2 + 5*y - 7. Let a be z(q). Give h(a).
3
Let b(k) = k**2 + 7*k - 6. Let v be (18/4)/((-3)/4). Give b(v).
-12
Suppose 0*y = -2*y + 10. Let g = y + -8. Let h(b) = -b**3 - 2*b**2 + 3*b - 2. Determine h(g).
-2
Let s(d) = d**3 + 2*d**2 - d. Suppose -x = -3*g, 0 = 5*x - 0*x + 2*g + 17. Give s(x).
-6
Let y(x) = -x**2 + 8*x - 6. Let c(u) = u**2 - 9*u + 7. Let t = -9 - -6. Let h(i) = t*c(i) - 4*y(i). Give h(5).
3
Let c = 3 - -1. Let r(f) = -7*f - 20. Let d(v) = 4*v + 10. Let t(y) = -5*d(y) - 3*r(y). Let l(p) = p + 1. Let j(q) = 5*l(q) - t(q). What is j(c)?
11
Let b(a) = a**2 - 7*a + 1. Let v(l) = -2*l - 8. Let c be v(-5). Suppose 8 - c = s. Determine b(s).
-5
Let d(o) be the third derivative of o**4/24 - o**3/3 + 21*o**2. Determine d(-2).
-4
Let v(a) = -a - 1. Let d be (-4)/(-4)*0 + 6. Determine v(d).
-7
Let z(y) = 2 - 8*y - 16 - y**3 + 7 - y**2 - 7*y**2. What is z(-7)?
0
Let d(l) = l**3 + 6*l**2 + l + 7. Let r(k) = -k**3 - 3*k**2 + k - 3. Let b be r(-3). Give d(b).
1
Let i(n) = n + 4. Suppose -4*f = -0 + 24. Determine i(f).
-2
Let z(j) = j**2 + 9*j + 11. Suppose 0 = -2*f + r - 19, 31 = -5*f - 2*r - r. Let s be z(f). Let x(h) = -h**2 + 4*h + 1. Calculate x(s).
4
Let n(q) = 4 - 6*q + 5*q + 4 - 4. Determine n(0).
4
Let q = 18 + -6. Suppose -4*m - q = -m. Let b(r) = r**3 + 5*r**2 + r - 5. What is b(m)?
7
Let y(l) = -l**2 - l - 1. Let w(r) be the second derivative of -r**5/20 + 7*r**4/12 + r**3 + 13*r**2/2 + 4*r. Let m(x) = w(x) + 6*y(x). What is m(0)?
7
Let u(i) = -i**3 + 4*i**2 + 2*i. Suppose 37 = 4*x - 5*z, -3*z - 9 = -4*x + 18. Give u(x).
15
Let b(m) = -7*m - 1. Let i(q) = -6*q - 1. Let w(p) = 5*b(p) - 6*i(p). Calculate w(4).
5
Let k(i) = 9*i + 1. Let x be 1 + 0 - (-4 - -2). Let v(j) = -j**2 + 3*j - 2. Let z be v(x). Let g = -3 - z. Calculate k(g).
-8
Let i(x) = -x - 4. Let n(b) = b**3 - 4*b**2 - 3*b - 7. Let d be n(5). Suppose d*q = -q. Suppose -2*w - 8 = -q*w. Give i(w).
0
Let f(r) = r + 7. Let w = 1 - -7. Suppose 5*a = -w - 42. Let g be f(a). Let v(q) = -2*q**2 - 2*q + 4. What is v(g)?
-8
Let o(a) = -a**2 - 12*a - 5. Let i(v) = -v. Let g(h) = -4*i(h) + o(h). Calculate g(-5).
10
Suppose -3 - 1 = w. Let o(h) be the third derivative of h**6/360 + h**5/24 + h**4/12 + h**3/2 - h**2. Let m(q) be the first derivative of o(q). Give m(w).
-2
Let s(a) = 6 - 1 - 3*a - 4*a. Calculate s(4).
-23
Let h be (-2)/18 + (-34)/18. Let d(f) = -3*f + 1. Determine d(h).
7
Let t(b) = -b**2 + 18*b + 40. Let a be t(20). Let c(f) = -f**2 - f - 5. Determine c(a).
-5
Let v(h) = -3*h**3 + 8*h**2 + 7*h. Let b(q) = -7*q**3 + 17*q**2 + 15*q + 1. Let w(f) = -4*b(f) + 9*v(f). What is w(-3)?
-4
Suppose 2*m - 4*t = -0*t - 26, t = 3*m + 14. Let k(s) = s**2 + 5 + 4*s - 5. Let z(b) = b**2 + 4*b. Let h(a) = 7*k(a) - 6*z(a). Give h(m).
-3
Let m(f) be the second derivative of -5/6*f**3 + 0 + 3*f - 1/3*f**4 - 1/20*f**5 - 3/2*f**2. Calculate m(-3).
3
Let w(z) = 5*z**3 - 4*z**3 - 7 - 6*z**2 - 8 + 14 + 5*z. Determine w(5).
-1
Let h(o) be the first derivative of -o**4/4 + o**3 + 2*o**2 - 6*o - 8. Let s be (-132)/(-9) + 2/6. Let r = s - 11. Give h(r).
-6
Let l(k) be the first derivative of -k**4/4 + k**3/3 + k**2/2 - 7*k - 6. Suppose -4 = 3*j - 5*x + 1, 4*x = -3*j + 4. Determine l(j).
-7
Let t be ((-15)/9 - -1)*3. Let f be 1/(-4)*t*0. Let k(q) = q - 1 + q**2 + 0 - 6. Calculate k(f).
-7
Let a = -2 + 1. Let w(i) = -5*i**2 - 5. Let s(g) = 1. Let z(n) = -2. Let v(j) = 3*s(j) + z(j). Let b(k) = 6*v(k) + w(k). Give b(a).
-4
Let s(b) = -5*b**2 + b. Let p be s(-1). Let h(n) = n + 1. Give h(p).
-5
Suppose 5*j + 4*l - 20 = j, 5*j - 3*l = 9. Let x(n) = 3*n - 5*n + 2*n - j*n**2 - 1. What is x(1)?
-4
Let u(f) be the second derivative of f**3/6 + 5*f**2/2 - f. Determine u(-3).
2
Let y(w) = -9*w + 4. Let r(f) = 4*f - 8. Let x(o) be the first derivative of -o - 2. Let h(u) = r(u) - 6*x(u). Let s(j) = 7*h(j) + 3*y(j). Calculate s(3).
1
Suppose -20 = 4*o, 0 = -2*w + 5*o + 10 + 7. Let r = w - -9. Suppose -r*l = 4 + 6. Let x(j) = 2*j. Determine x(l).
-4
Let p(q) = 578*q - 2 + 574*q - 1159*q - q**2. Calculate p(-6).
4
Let t(v) be the first derivative of 8 + 4*v - 1/3*v**3 + 1/2*v**2. Determine t(0).
4
Let j = -2 + 0. Let m(k) = 14*k**2. Suppose -p + 3*z - 3 + 1 = 0, -2*p - z = 39. Let b(f) = -5*f**2. Let x(s) = p*b(s) - 6*m(s). Give x(j).
4
Suppose -4*v = -3*g + 21, 0 = -v + g - 9 + 3. Let l(t) = -5*t - 1. Determine l(v).
14
Let a = 7 - 5. Let r = a - 3. Let l(q) = 2*q**3 - 2*q**2 - q. What is l(r)?
-3
Let k(z) be the first derivative of 1/4*z**4 + 7 + 2*z + 7/3*z**3 + 7/2*z**2. Determine k(-6).
-4
Let q = 6 - 4. Let k(d) = d**q - 1 + 6 + 6*d + 0*d**2. Calculate k(-5).
0
Let c(q) = q - 4. Let y be 1*3*(-8)/3. Let m = 8 + y. Determine c(m).
-4
Let n = -8 + 4. Let q(i) = -4*i**2 - 6*i + 7. Let t(b) = -11*b**2 - 17*b + 20. Let g(c) = -8*q(c) + 3*t(c). Determine g(n).
0
Let f(u) = 2*u + 3 - u**2 + 0*u + 4*u - 3*u. Let x(h) = 2*h**2 - 5*h - 7. Let d(q) = -5*f(q) - 2*x(q). Suppose 3*r = 13 - 1. What is d(r)?
-5
Let t be 76/10 + 2/5. Let d(p) = -4 + 0 - 4 + 2*p + 0. Calculate d(t).
8
Suppose 3*o - 4*y - 20 + 2 = 0, 0 = 5*o - 2*y - 16. Let k(l) = -3*l**3 + 0*l**2 + o*l**2 + 5*l + 2*l**3 + 0*l - 4. Give k(3).
2
Let j(t) = 5*t - 35. Let u(x) = 1. Let q(f) = -j(f) - 30*u(f). Determine q(4).
-15
Suppose 2*m + 73 = 4*o - 9*o, 0 = -4*m + 4. Let i = 17 + o. Let p(s) = -2*s**3 + 4*s - 3. Determine p(i).
-11
Let x = 8 + -3. Suppose 3*c - 13 = -4. Let m(b) = -7*b + 5 - b - 4*b**2 - 2 + b**c + 2*b. What is m(x)?
-2
Let s(q) = 4*q**2 + 3*q**3 - 10*q**2 + 4*q - 2*q**3. Let z be (3/(-6))/((-1)/4). Let n(v) = v**2 + 1. Let f be n(z). Give s(f).
-5
Let y(a) = 3*a + 6. Let i = 8 - 12. Determine y(i).
-6
Suppose -4*n - 20 = j + j, -5*n = 5*j + 25. Let p(m) = 4*m + 0*m - 2 - 3 + m**2. Determine p(n).
0
Let b(t) be the first derivative of -1/2*t**2 + 1/2*t**4 - 2 - 4*t + 2/3*t**3. Let x(c) = -c**3 - c**2 + 1. Let r(g) = -2*b(g) - 6*x(g). What is r(-2)?
-10
Let k(z) = z + 6. Let d(l) = -l - 1. Let o(p) = -5*d(p) - k(p). Calculate o(5).
19
Suppose 0*s - 4*s - 25 = -5*q, 0 = -2*s + q - 5. Let b(m) = s + 4*m - 8*m - 3. Let f be -7 + 6/2 - -1. Determine b(f).
9
Let o(s) = -s - 5 + 14 - 11. Give o(-2).
0
Let o(m) = -8 + 5*m**2 - 4 - 13*m + 0*m**2. Let z(f) = -f**2 + f + 1. Let a(h) = o(h) + 6*z(h). Suppose 4 = -3*b - 11. What is a(b)?
4
Let f be ((-2)/(-6))/((-9)/(-27)). Let z(r) = r. Give z(f).
1
Let r(x) = 3*x + 9. Let p = -9 + 14. Suppose 24 = -p*v + v. Calculate r(v).
-9
Let a(g) = -272*g**3 + 6*g**2 + 267*g**3 + g - 5*g**2. Determine a(2).
-34
Let j(k) = -k + 1. Let f be j(-1). Let a(x) = -x + 0*x**2 + 3*x**2 - 7*x**f. Suppose 2 = -0*g + 2*g. Calculate a(g).
-5
Suppose 0*i = 3*i - 6, -2*h + 3*i - 6 = 0. Suppose -3*q + h*q - 3 = -k, -5*k = -3*q - 3. Let y(t) = 4*t**3 - t**2 + 1. Give y(q).
-4
Let c(a) = 7*a**2 + 2*a - 1. Let i = 6 - 12. Let s be i/(-15)*10/4. Determine c(s).
8
Let d(s) = s + 7. Let l(w) = -w + 4. Let f be (-3)/(-6) - 33/(-6). Let n be l(f). Let v = -3 + n. What is d(v)?
2
Let l(s) = 8*s**2 - 3 + 5*s**3 - 2*s**3 - 2*s**3 + 2*s + 4*s. Give l(-7).
4
Let a(s) = 7*s**3 + 9*s**2 + 3*s + 5. Let k(x) = -9*x**3 - 9*x**2 - 4*x - 5. Let h(n) = 4*a(n) + 3*k(n). Calculate h(-9).
5
Let z = 22 + -26. Let h(r) be the first derivative of 2 - 2/3*r**3 - 7/2*r**2 - 6*r. Calculate h(z).
-10
Let l be (-2)/(-14) + (-20)/(-7). Let m(d) = -2 - 4*d + 0*d + 4*d - l*d. What is m(-2)?
4
Let k(t) = -t**3 + t**2 - 1. Let c be (-147)/(-3) - 3/3. Suppose 0 = 4*u + 12 - c. Suppose -5*g + 2 = b - 4*g, 3*g = u. Calculate k(b).
1
Suppose 5*p - 8*p + 6 = 0. Let f(k) = -k. What is f(p)?
-2
Suppose -5*c = -2*c + 9. Let d(w) = -2*w - 6. Let v be d(-5). Let f(t) = -4*t + 4. Let j(s) = 5*s - 5. Let a(m) = v*f(m) + 3*j(m). Calculate a(c).
4
Suppose 15 = 3*s, -5*b + 4*s - 4 - 6 = 0. Let r(l) = l**2 - 1. Let p be r(b). Let k(a) = -3 + p - 2*a. Calculate k(3).
-6
Let r(b) = 3*b + 9. Suppose -7*l - 36 = -2*l - h, 0 = l - 4*h + 11. What is r(l)?
-12
Let q be 6/10 + (-6)/(-15). Suppose 2*c = 3 + q. Let n(t) = 4*t**2 + c*t**2 + 4*t - 2 - t**2 - 6*t**2. Determine n(5).
-7
Let t be (-13)/(-4) + 1/(-4). Let m(f) = f - f**2 - 2*f - 6 - f**3 + 4*f. Let y(z) = -z + 1. Let a(w) = t*y(w) + m(w). Calculate a(0).
-3
Let x = -30